 5*s = 2*o - 122, 0 = 4*o + o + l*s - 239. What is the units digit of o?
1
Let p be (29/3)/((-6)/(-9))*30. Let v = 460 - p. What is the units digit of v?
5
Let a = -4 - -4. Let h(j) be the third derivative of -j**6/120 + j**5/60 + j**4/24 + 161*j**3/6 - 192*j**2. What is the tens digit of h(a)?
6
What is the tens digit of (-246)/9*(-23)/((-644)/(-5334))?
0
Let d(j) = -j**2 - 11*j - 8. Let l be d(6). Let h = -108 - l. Suppose -h*o = -4*c - o + 294, 0 = 2*c - 5*o - 138. What is the units digit of c?
4
Let d(j) = -j**3 + 14*j**2 - 11*j - 25. Let m be d(11). Let k = 355 - m. What is the units digit of k?
8
Let w(k) = -5*k**2 - 24*k + 8. Let p be w(-5). Suppose -d - 4*q + 1220 = 190, p*d - 5*q - 3141 = 0. What is the hundreds digit of d?
0
Suppose 14*n = 164510 + 258954 + 14148. What is the units digit of n?
8
Suppose 4*x = 8, 4*q - 2*x - 1213 - 1539 = 0. Let r = q - 391. What is the hundreds digit of r?
2
Suppose c = 5*t + 39046, -36*t = 2*c - 37*t - 78029. What is the tens digit of c?
1
Suppose 3*q - g = 9161 + 364, -g + 6355 = 2*q. What is the units digit of q?
6
Let n = -16858 + 95368. What is the tens digit of n?
1
Let q = -31 - -79. Suppose -2 - q = -10*v. Suppose 0 = -v*j + 2*j + 432. What is the units digit of j?
4
Let a(s) = s**3 - 11*s**2 - 2*s + 25. Let q be a(11). Suppose -4*r = r + l - 570, 0 = -q*r + l + 334. What is the units digit of r?
3
Let m = 61 - 67. Let d be (-50)/m - ((-21)/(-9) + -2). What is the units digit of -2*(284/d)/(2/(-4))?
2
Let r = 6749 + -3505. What is the hundreds digit of r?
2
Suppose 2*v = -2*j + 1706, 4*j - 4*v - 1712 = 2*j. Let o = -370 + j. What is the tens digit of o?
8
Suppose -2*f = -3*h - 34573, -7*f + 3*h + 17288 = -6*f. Suppose 31*j - 5779 = f. What is the units digit of j?
4
Let r(f) = -13*f - 28*f + 24 + 31 - 42. Let j(w) = -2*w + 5. Let a be j(4). What is the units digit of r(a)?
6
Let f(n) = -2*n**3 + 164*n**2 - 106*n + 210. What is the units digit of f(81)?
6
What is the units digit of 5133/7 - 8/(-280)*-10?
3
Let k = 41 + -38. Let h(b) = 61*b - 6. Let y be h(5). Suppose 5*d + y = 4*t, 0 = -k*t + 2*d - 3*d + 248. What is the tens digit of t?
8
Let n(x) = -4*x**3 - 7*x**2 + 4*x + 10. Let w be n(-10). Suppose y - 3270 = -5*s, y = -5*s - 2*y + w. What is the tens digit of s?
5
Suppose -3*y + 35 = 2. Suppose y*n = -0*n + 99. Suppose -q + n = b - 17, 5*b = 3*q - 102. What is the tens digit of q?
2
Suppose 2037*c + 1364931 = 2064*c. What is the units digit of c?
3
Let q(u) = 5*u**2 - u - 2. Let l be q(-1). Let p be -1*(1002/l)/((-1)/2). Suppose -4*t = -7*t - 3*s + p, -2*t + 299 = -5*s. What is the tens digit of t?
6
Let q = 280 + 861. Suppose k - q = -y, -8*y + 9 = -5*y. What is the tens digit of k?
3
Let m(y) = y**2 + 12*y - 8. Let c be m(-13). Let s(r) = 2*r**2 + 7*r + 9. Let f be s(c). Let n = f - -21. What is the units digit of n?
5
Let l = 567 - 565. Suppose -l*b + 4*r + 1574 = 0, 2*r + 3*r + 3920 = 5*b. What is the hundreds digit of b?
7
Let b = 3 - -6. Let j(n) = -8*n**2 - 10*n**2 + 26 + 17*n - 3*n**2 + 20*n**2. What is the units digit of j(b)?
8
Let q(o) = o**3 + 21*o**2 - 32*o + 152. What is the hundreds digit of q(15)?
7
Suppose 4*g + 30 = 5*n, 8 = -4*n + 2*g + 32. Suppose n*p = 74 + 88. What is the units digit of p?
7
Suppose 44*h = -a + 39*h + 59961, -5*h = 2*a - 119952. What is the tens digit of a?
9
Let s(v) = -7*v + 848. Let b be s(118). Suppose -2*w + 228 = -6*w. Let u = b - w. What is the units digit of u?
9
Let v(y) be the first derivative of -4*y**3/3 + y**2 + 92*y - 95. What is the tens digit of v(0)?
9
Let r(n) = 1991*n + 3550. What is the ten thousands digit of r(40)?
8
Suppose 4*z + 2*v - 1050 = 0, -3*z + 805 = 6*v - v. What is the units digit of (z - 2) + -5 - 5?
8
Let b = 187 - 191. What is the tens digit of b/6*(-9009)/14?
2
Let d(u) = 4*u + 36. Let q(w) = w + 4. Let z be q(-12). Let y be d(z). Suppose 340 = 4*f + 3*x, 4*f = -x - y*x + 340. What is the units digit of f?
5
Let k(d) = 3*d - 16. Let j be k(6). Suppose -j*m + 4*p = -20, -5*m = -5*p - 30 - 40. Suppose 0 = -3*a - 0 + m. What is the units digit of a?
6
Suppose 19 = 4*k + l, -l = -6*l - 5. Suppose 3*s + 6 = 4*n, 0 = k*n - 4*s + 5 - 13. Suppose 18 = z - 5*y - 17, n = -z + 2*y + 41. What is the units digit of z?
5
Let h be (-2684)/(-66) - (0 + (-2)/6). Let n = h - -47. Let b = -58 + n. What is the units digit of b?
0
Let k be (-1)/(-7) + 9/(-189)*3. Suppose -l = -5, l - 1771 = -k*w - 2*w. What is the units digit of w?
3
Suppose -y + 80 = 76. Suppose y*g - 28 = -2*q, 2*g = 4*g - 10. What is the hundreds digit of (2 - q)/((-2)/128)?
1
Let r = 5369 - -795. What is the thousands digit of r?
6
Let n be (-777)/(-6) + 1/(-2) + 4. Let k = n + -35. What is the tens digit of k?
9
Let s = -4435 - -1758. Let m = -1851 - s. What is the hundreds digit of m?
8
Suppose 164*d - 920376 - 843909 = -555277. What is the hundreds digit of d?
3
What is the thousands digit of 3 - (-48)/(-15) - 17849270/(-1475)?
2
Let y(p) be the third derivative of -5*p**4/8 + 23*p**3 - p**2 + 29. What is the tens digit of y(-23)?
8
Suppose 5*t + 28 = 3*r - 30, 38 = -3*t + r. What is the hundreds digit of ((-6076)/21)/t*66/4?
3
Suppose -53 = -4*v + 5*a, 4*v - 40 - 4 = -4*a. Suppose 469 = v*w - 2555. What is the hundreds digit of w?
2
Let v(g) = -g**2 - 16*g - 12. Let s be v(-15). Suppose 12 = -s*l + 7*l. Let j(w) = 7*w**3 - 5*w**2 + 2*w + 10. What is the hundreds digit of j(l)?
1
Let n(l) = 9*l**2 - 17*l - 34. Let c be n(-16). Suppose -w = 4*g - 3371, -2*w = -4*g + g + c. What is the units digit of g?
4
Let u(b) = 3*b**3 - 8*b**2 + 5*b - 2. Let c = 141 - 136. Let w be u(c). Suppose 0 = 2*s + 3*j - 553, w + 61 = s + 5*j. What is the hundreds digit of s?
2
What is the thousands digit of 24166 + -3 + (-41)/41?
4
Let s = -848 - -5986. What is the units digit of s?
8
Suppose 6*l - 67 + 295 = 0. Let u = 31 + l. Let w = 15 + u. What is the units digit of w?
8
Let b be 220/2*27/54. Suppose 0 = i - 256 - b. What is the hundreds digit of i?
3
Suppose 14523 - 43 = -10*d. Let y = d - 10240. What is the hundreds digit of (-2)/(-17) - 1/(68/y)?
1
Suppose 0 = 45*l - 42*l - 5*u - 27517, 3*u + 36682 = 4*l. What is the thousands digit of l?
9
Suppose 9 + 33 = 6*o. Suppose -4*n = o*n - 1375. What is the units digit of n?
5
Let b(v) = 7*v**2 + 27*v - 12. What is the ten thousands digit of b(38)?
1
Let n = 220 + -260. What is the hundreds digit of (-2)/((-32)/n)*-186?
4
Let f = 78 + -57. Suppose 80 = -f*b + 25*b. Suppose 4*k + 0*u - 588 = 3*u, 5*u = b. What is the hundreds digit of k?
1
Suppose -6*n - 45 = -n. Let j(m) be the second derivative of m**5/20 + 5*m**4/6 - m**3 - 7*m**2/2 - 723*m. What is the units digit of j(n)?
8
Let r(t) = -39*t + 105. Let k = -129 + 126. What is the tens digit of r(k)?
2
Suppose 16*v = 10*v - 1410. What is the units digit of 13*(v/(-10) - (-4)/(-8))?
9
Let k(a) = 2*a**3 - 19*a**2 - 16*a + 10. Let u be k(14). Suppose 73*i = 68*i - u. Let p = -218 - i. What is the tens digit of p?
9
Suppose 5*i - 583 = -q, -3*i + 7*q = 3*q - 359. Let t = i - 20. Let w = t + 102. What is the hundreds digit of w?
1
Suppose -3*l = -4*a + 13 + 16, 2*a = 2*l + 16. Let w(g) = 9*g**2 - 2*g - 20. Let b be w(a). Let h = b + -54. What is the units digit of h?
1
Let k = 13717 - -45126. What is the hundreds digit of k?
8
Let f(r) = -r**3 + 16*r**2 + 3*r - 24. Let u be f(16). Suppose 197 + u = y. What is the hundreds digit of y?
2
Let g = -132 + 129. Let c be ((-15)/(-10))/((27/(-24))/g). Suppose -5*p = u - 100, 11*u - c*p - 471 = 6*u. What is the units digit of u?
5
Suppose -t = 2*i - i + 313, -3 = -i. Let j = t - -446. What is the hundreds digit of j?
1
Let g(d) = d**3 - 4*d**2 + 12*d - 13. Let j = -83 - -90. What is the hundreds digit of g(j)?
2
Let o = -2837 + 3448. What is the tens digit of o?
1
Suppose -2493218 = -80*h - 51*h - 75*h. What is the tens digit of h?
0
Let b be 256/120 - (-4)/(-30). Suppose 2*d - 3*d - b*c = -910, 3*d - 4*c = 2730. What is the tens digit of d?
1
Let b = -79 + 93. Let y(q) = 10*q - 16. What is the units digit of y(b)?
4
Suppose 0 = 6*v - 7*v + 5. Suppose v*j + 4*y + 132 - 547 = 0, -83 = -j + 3*y. Suppose 0 = -c + 5*r + j + 37, -c + 4*r = -121. What is the units digit of c?
5
Let y = -17 + 103. Suppose 2*q - 3*w - 69 = -0*q, -y = -3*q + w. Supp